{"id":114,"date":"2024-01-31T19:25:46","date_gmt":"2024-01-31T19:25:46","guid":{"rendered":"http:\/\/kompetenz-in-finanzen.com\/?page_id=114"},"modified":"2024-02-01T19:11:20","modified_gmt":"2024-02-01T19:11:20","slug":"impressum-2","status":"publish","type":"page","link":"https:\/\/kompetenz-in-finanzen.com\/?page_id=114","title":{"rendered":"Impressum"},"content":{"rendered":"<div id=\"pl-114\"  class=\"panel-layout\" >\n<div id=\"pg-114-0\"  class=\"panel-grid panel-no-style\"  data-style=\"{&quot;background_image_attachment&quot;:false,&quot;background_display&quot;:&quot;tile&quot;,&quot;background_image_size&quot;:&quot;full&quot;,&quot;background_image_opacity&quot;:&quot;100&quot;,&quot;border_thickness&quot;:&quot;1px&quot;,&quot;full_height&quot;:&quot;&quot;,&quot;cell_alignment&quot;:&quot;flex-start&quot;}\" >\n<div id=\"pgc-114-0-0\"  class=\"panel-grid-cell\"  data-weight=\"1\" >\n<div id=\"panel-114-0-0-0\" class=\"so-panel widget widget_sow-editor panel-first-child panel-last-child\" data-index=\"0\" data-style=\"{&quot;background_image_attachment&quot;:false,&quot;background_display&quot;:&quot;tile&quot;,&quot;background_image_size&quot;:&quot;full&quot;,&quot;background_image_opacity&quot;:&quot;100&quot;,&quot;border_thickness&quot;:&quot;1px&quot;}\" >\n<div\n\t\t\t\n\t\t\tclass=\"so-widget-sow-editor so-widget-sow-editor-base\"\n\t\t\t\n\t\t><\/p>\n<div class=\"siteorigin-widget-tinymce textwidget\">\n<div class=\"col-12\">\n<div class=\"row\">\n<div class=\"col-12 col-md-10 order-2 order-md-1\"><strong>Kundeninformation zur Erf\u00fcllung der gesetzlichen Informationspflicht gem\u00e4\u00df \u00a7 15 VersVermV<\/strong><\/div>\n<\/div>\n<\/div>\n<div id=\"image-behind\" class=\"col-12 col-sm-6 mt-5\">\n<h4>1. Name, Anschrift und Kontaktdaten:<\/h4>\n<p>Gerald Koblischek<br \/>\nHeinrichsburgstr. 51<br \/>\n92348 Berg b.Neumarkt i.d.OPf.<\/p>\n<p><strong>Tel:<\/strong> <span aria-label=\"09189 413922 anrufen\">09189 \/ 413922<\/span><\/p>\n<p><strong>Internet:<\/strong> www.kompetenz-in-finanzen.com<\/p>\n<\/div>\n<div id=\"image\" class=\"col-12 col-sm-6 mt-5\"><\/div>\n<div class=\"col-12 mt-5\">\n<h4>2. T\u00e4tigkeitsart:<\/h4>\n<p>Gemeldet bei der IHK IHK M\u00fcnchen und Oberbayern als Versicherungsmakler mit einer Erlaubnis nach \u00a7 34d Abs. 1 der Gewerbeordnung.<\/p>\n<p>Gemeldet bei der IHK als Finanzanlagenvermittler mit einer Erlaubnis nach \u00a7 34f Abs. 1\u00a0Ziff. 1, 2 der Gewerbeordnung.<\/p>\n<\/div>\n<div class=\"col-12 mt-5\">\n<h4>3. Beratungsangebot:<\/h4>\n<p>Dem Kunden wird eine Beratung \u00fcber den gew\u00fcnschten Versicherungsschutz vor einer Vertragsvermittlung oder dem Abschluss eines Versicherungsvertrages angeboten. Ob der Kunde eine Beratung gew\u00fcnscht und erhalten hatte, ergibt sich aus der Beratungsdokumentation oder einer Beratungsverzichtserkl\u00e4rung des Kunden.<\/p>\n<\/div>\n<div class=\"col-12 mt-5\">\n<h4>4. Offenlegung direkter oder indirekter Beteiligungen \u00fcber 10 % an Versicherungsunternehmen oder von Versicherungsunternehmen am Kapital des Versicherungsvermittlers \u00fcber 10 %:<\/h4>\n<p>Der Versicherungsvermittler h\u00e4lt keine unmittelbare oder mittelbare Beteiligung von mehr als 10 % der Stimmrechte oder des Kapitals an einem Versicherungsunternehmen.<\/p>\n<p>Ein Versicherungsunternehmen h\u00e4lt keine mittelbare oder unmittelbare Beteiligung von mehr als 10 % der Stimmrechte oder des Kapitals am Versicherungsvermittler.<\/p>\n<\/div>\n<div class=\"col-12 mt-5\">\n<h4>5. Emittenten und Anbieter:<\/h4>\n<p>Zu den Finanzanlagen der folgenden Emittenten und Anbieter bietet der Gewerbetreibende Vermittlungs- oder Beratungsleistungen an:<\/p>\n<p>Alle in Deutschland zugelassene Gesellschaften und Produkte im Bereich der offenen Investmentfonds und ETF`s.<\/p>\n<\/div>\n<div class=\"col-12 mt-5\">\n<h4>6. Information des Vermittlers \u00fcber Verg\u00fctungen und Zuwendungen im Bereich der Versicherungsvermittlung:<\/h4>\n<p><strong>Kostenfreie Beratung f\u00fcr den Kunden<\/strong><\/p>\n<p>Der Vermittler erh\u00e4lt f\u00fcr die Vermittlung eines Versicherungsvertrages eine Courtage\/Provision von dem Produktanbieter\/Versicherer. Der Kunde schuldet dem Vermittler keine gesonderte Verg\u00fctung.<\/p>\n<p class=\"mt-4 mb-4\">oder<\/p>\n<p><strong>Beratung mit Servicepauschale<\/strong><\/p>\n<p>Der Vermittler erh\u00e4lt f\u00fcr die Vermittlung eine Courtage\/Provision von dem Produktanbieter\/Versicherer. Der Vermittler kann mit dem Kunden zus\u00e4tzlich einen gesonderten Vertrag &#8211; Servicevereinbarung &#8211; \u00fcber eine vermittlungsunabh\u00e4ngige zus\u00e4tzliche Service-Verg\u00fctungspauschale schlie\u00dfen, die der Kunde an den Vermittler zu bezahlen hat.<\/p>\n<p class=\"mt-4 mb-4\">oder<\/p>\n<p><strong>Verg\u00fctungsvereinbarung mit dem Kunden<\/strong><\/p>\n<p>Die H\u00f6he der Verg\u00fctung des Vermittlers ergibt sich aus einer gesonderten Vereinbarung mit dem Kunden f\u00fcr die erfolgreiche Vertragsvermittlung des vom Kunden gew\u00fcnschten Vertrages. Der Vermittler erh\u00fclt vom Produktanbieter\/Versicherer keine Vermittlungsverg\u00fctung oder sonstige Verg\u00fctung\/Honorar.<\/p>\n<p class=\"mt-4 mb-4\">oder<\/p>\n<p><strong>Verg\u00fctungen von beiden Vertragsparteien<\/strong><\/p>\n<p>Der Vermittler erh\u00e4lt sowohl eine Courtage\/Provision von dem Produktanbieter\/Versicherer, als auch eine Verg\u00fctung durch den Kunden aufgrund einer gesonderten Vermittlungsvereinbarung. Also wird der Vermittler von beiden Vertragsparteien des zu vermittelnden Vertrages erfolgsabh\u00e4ngig verg\u00fctet. In diesem Fall verpflichtet sich der Vermittler seine Verg\u00fctung beiden Seiten transparent vor der Vermittlungsleistung offenzulegen.<\/p>\n<\/div>\n<div class=\"col-12 mt-5\">\n<h4>7. Informationen des Vermittlers \u00fcber Verg\u00fctung und Zuwendungen im Bereich der Finanzanlagenvermittlung:<\/h4>\n<p><strong>Verg\u00fctungsvereinbarung mit dem Kunden<\/strong><\/p>\n<p>Im Zusammenhang mit der Anlageberatung oder -vermittlung erfolgt die Verg\u00fctung ausschlie\u00dflich durch den Anleger. Die Verg\u00fctung erfolgt durch Eine gesonderte Verg\u00fctungsvereinbarung im Bereich der Servicegeb\u00fchrenvereinbarung. .<\/p>\n<p class=\"mt-4 mb-4\">oder<\/p>\n<p><strong>Kostenfreie Beratung f\u00fcr den Kunden<\/strong><\/p>\n<p>Im Zusammenhang mit der Anlageberatung oder -vermittlung erfolgt die Verg\u00fctung ausschlie\u00dflich durch Zuwendungen von Dritten, welche auch behalten werden d\u00fcrfen.<\/p>\n<p class=\"mt-4 mb-4\">oder<\/p>\n<p><strong>Verg\u00fctungen von beiden Vertragsparteien<\/strong><\/p>\n<p>Im Zusammenhang mit der Anlageberatung oder -vermittlung kann die Verg\u00fctung hierf\u00fcr durch den Anleger oder durch Dritte (Produktgeber) in Kombination erfolgen. Dies ist abh\u00e4ngig von den W\u00fcnschen und Bed\u00fcrfnissen des Anlegers und den Finanzprodukten, welche eventuell vermittelt werden.<br \/>\nSoweit die Verg\u00fctungsbestandteile insofern durch den Anleger gezahlt werden, erfolgt dies Eine gesonderte Verg\u00fctungsvereinbarung im Bereich der Servicegeb\u00fchrenvereinbarung. . Soweit Zuwendungen im Zusammenhang mit der Anlageberatung oder -vermittlung insofern von Dritten (Produktgebern) erbracht werden, d\u00fcrfen diese behalten werden.<\/p>\n<\/div>\n<div class=\"col-12 mt-5\">\n<h4>8. Gemeinsame Registerstelle nach \u00a7 11 a Abs. 1 GewO:<\/h4>\n<p><strong>Vermittlerregisternummer Versicherungsvermittlung:<\/strong> D-R2O5-NSM25-25<br \/>\n<strong>Vermittlerregisternummer Finanzanlagenvermittlung:<\/strong> D-F-155-CTMY-67<\/p>\n<p>DIHK | Deutsche Industrie- und Handelskammer<br \/>\nBreite Stra\u00dfe 29<br \/>\n10178 Berlin<br \/>\nTelefon: 0180 600 58 50<br \/>\n(Festnetzpreis 0,20 \u20ac\/Anruf)<br \/>\n<a class=\"text-primary\" href=\"https:\/\/www.vermittlerregister.info\/\" target=\"_blank\" rel=\"noopener\">www.vermittlerregister.info<\/a><\/p>\n<\/div>\n<div class=\"col-12 mt-5\">\n<h4>9. Anschriften der Schlichtungsstellen:<\/h4>\n<p>Versicherungsombudsmann e.V.<br \/>\nPostfach 08 06 32<br \/>\n10006 Berlin<br \/>\nTel.: 0800 3696000 (kostenfrei aus deutschen Telefonnetzen)<br \/>\nFax: 0800 3699000 (kostenfrei aus deutschen Telefonnetzen)<br \/>\nInternet:\u00a0<a class=\"text-primary\" href=\"http:\/\/www.versicherungsombudsmann.de\/\" target=\"_blank\" rel=\"noopener\">www.versicherungsombudsmann.de<\/a><\/p>\n<p>Ombudsmann f\u00fcr die Private Kranken- und Pflegeversicherung<br \/>\nPostfach 06 02 22<br \/>\n10052 Berlin<br \/>\nTel.: 0800 2550444 (kostenfrei aus deutschen Telefonnetzen)<br \/>\nFax: 030 20458931<br \/>\nInternet:\u00a0<a class=\"text-primary\" href=\"http:\/\/www.pkv-ombudsmann.de\/\" target=\"_blank\" rel=\"noopener\">www.pkv-ombudsmann.de<\/a><\/p>\n<p><a class=\"text-primary\" href=\"https:\/\/webgate.ec.europa.eu\/odr\" target=\"_blank\" rel=\"noopener\">Online-Streitbeteiligung via EU<br \/>\nhttps:\/\/webgate.ec.europa.eu\/odr<\/a><\/p>\n<\/div>\n<div class=\"col-12 mt-5\">\n<h4>10. Beschwerdemanagement:<\/h4>\n<p>Falls Sie einmal nicht mit unserer T\u00e4tigkeit zufrieden sein sollten, bitten wir Sie sehr gern um Ihre Verbesserungsvorschl\u00e4ge.<\/p>\n<p>Sie k\u00f6nnen aber auch jederzeit per Post oder Mail eine Beschwerde \u00fcber unsere Gesch\u00e4ftsanschrift einreichen. Erhalten wir von Ihnen eine formelle Beschwerde, best\u00e4tigen wir Ihnen unverz\u00fcglich deren Eingang und unterrichten Sie unverz\u00fcglich \u00fcber unsere weitere Beschwerdebearbeitung. Sollten wir feststellen, dass Ihre Beschwerde eine Angelegenheit betrifft, f\u00fcr die wir nicht zust\u00e4ndig sind, informieren wir Sie umgehend hier\u00fcber und teilen Ihnen die m\u00f6glichen zust\u00e4ndigen Ansprechpartner mit. Wir werden Ihre Beschwerde umfassend pr\u00fcfen und Ihnen zeitnah eine Stellungnahme aussprechen. Sollte dies einmal nicht binnen 14 Tagen m\u00f6glich sein, unterrichten wir Sie \u00fcber die Gr\u00fcnde der Verz\u00f6gerung und dar\u00fcber, wann unsere Pr\u00fcfung voraussichtlich abgeschlossen sein wird. Sofern wir Ihrem Anliegen nicht oder nicht vollst\u00e4ndig nachkommen k\u00f6nnen, erl\u00e4utern wir Ihnen die Gr\u00fcnde hierf\u00fcr und weisen Sie auf etwaig bestehende M\u00f6glichkeiten hin, wie Sie Ihre Interessen und Ziele weiterverfolgen k\u00f6nnen.<\/p>\n<\/div>\n<\/div>\n<\/div>\n<\/div>\n<\/div>\n<\/div>\n<\/div>\n","protected":false},"excerpt":{"rendered":"<p>Kundeninformation zur Erf\u00fcllung der gesetzlichen Informationspflicht gem\u00e4\u00df \u00a7 15 VersVermV 1. Name, Anschrift und Kontaktdaten: Gerald Koblischek Heinrichsburgstr. 51 92348 Berg b.Neumarkt i.d.OPf. Tel: 09189 \/ 413922 Internet: www.kompetenz-in-finanzen.com 2. T\u00e4tigkeitsart: Gemeldet bei der IHK IHK M\u00fcnchen und Oberbayern als Versicherungsmakler mit einer Erlaubnis nach \u00a7 34d Abs. 1 der Gewerbeordnung. Gemeldet bei der IHK [&hellip;]<\/p>\n","protected":false},"author":1,"featured_media":0,"parent":0,"menu_order":0,"comment_status":"closed","ping_status":"closed","template":"","meta":{"footnotes":""},"class_list":["post-114","page","type-page","status-publish","hentry"],"_links":{"self":[{"href":"https:\/\/kompetenz-in-finanzen.com\/index.php?rest_route=\/wp\/v2\/pages\/114"}],"collection":[{"href":"https:\/\/kompetenz-in-finanzen.com\/index.php?rest_route=\/wp\/v2\/pages"}],"about":[{"href":"https:\/\/kompetenz-in-finanzen.com\/index.php?rest_route=\/wp\/v2\/types\/page"}],"author":[{"embeddable":true,"href":"https:\/\/kompetenz-in-finanzen.com\/index.php?rest_route=\/wp\/v2\/users\/1"}],"replies":[{"embeddable":true,"href":"https:\/\/kompetenz-in-finanzen.com\/index.php?rest_route=%2Fwp%2Fv2%2Fcomments&post=114"}],"version-history":[{"count":3,"href":"https:\/\/kompetenz-in-finanzen.com\/index.php?rest_route=\/wp\/v2\/pages\/114\/revisions"}],"predecessor-version":[{"id":123,"href":"https:\/\/kompetenz-in-finanzen.com\/index.php?rest_route=\/wp\/v2\/pages\/114\/revisions\/123"}],"wp:attachment":[{"href":"https:\/\/kompetenz-in-finanzen.com\/index.php?rest_route=%2Fwp%2Fv2%2Fmedia&parent=114"}],"curies":[{"name":"wp","href":"https:\/\/api.w.org\/{rel}","templated":true}]}}